1606.
22
Calculate the greatest common factor of 46 and 15157.
23
Calculate the greatest common factor of 140 and 1218.
14
What is the greatest common divisor of 35 and 1?
1
Calculate the greatest common divisor of 84 and 532.
28
Calculate the greatest common factor of 11 and 275.
11
Calculate the greatest common factor of 84 and 678.
6
What is the greatest common divisor of 774 and 162?
18
Calculate the greatest common divisor of 276 and 48.
12
Calculate the greatest common divisor of 88 and 2134.
22
What is the highest common factor of 15 and 1095?
15
Calculate the greatest common divisor of 602 and 1462.
86
What is the greatest common factor of 77 and 1705?
11
Calculate the highest common factor of 572 and 33.
11
What is the highest common factor of 5 and 30?
5
Calculate the highest common divisor of 1872 and 504.
72
What is the highest common factor of 5041 and 71?
71
What is the highest common factor of 1280 and 30?
10
What is the greatest common divisor of 4 and 512?
4
What is the highest common divisor of 516 and 48?
12
Calculate the highest common divisor of 6 and 1100.
2
Calculate the highest common factor of 84 and 12.
12
Calculate the greatest common divisor of 40331 and 31.
31
Calculate the greatest common factor of 10 and 105670.
10
Calculate the greatest common factor of 196 and 12887.
49
What is the greatest common factor of 110 and 15?
5
What is the highest common divisor of 33 and 3047?
11
What is the greatest common divisor of 51964 and 44?
44
Calculate the highest common divisor of 282 and 3243.
141
What is the highest common factor of 11 and 11?
11
Calculate the greatest common divisor of 525 and 42.
21
Calculate the highest common factor of 49 and 441.
49
Calculate the greatest common factor of 195 and 845.
65
Calculate the highest common factor of 135 and 513.
27
Calculate the greatest common factor of 67 and 2479.
67
What is the highest common divisor of 382 and 27695?
191
Calculate the highest common divisor of 864 and 8352.
288
Calculate the greatest common divisor of 82 and 2.
2
What is the greatest common divisor of 837 and 33?
3
What is the greatest common divisor of 1570 and 10?
10
What is the highest common factor of 30 and 1215?
15
Calculate the highest common divisor of 296 and 232.
8
What is the greatest common factor of 301 and 49?
7
Calculate the highest common factor of 15 and 48.
3
Calculate the highest common factor of 215 and 1763.
43
What is the highest common factor of 261 and 696?
87
Calculate the highest common divisor of 3075 and 30.
15
What is the greatest common factor of 31 and 124?
31
Calculate the highest common divisor of 279 and 155.
31
What is the highest common factor of 19173 and 21?
21
Calculate the greatest common divisor of 6970 and 1025.
205
What is the greatest common factor of 1575 and 1827?
63
Calculate the highest common factor of 92 and 2116.
92
Calculate the greatest common divisor of 160 and 48.
16
Calculate the highest common divisor of 140 and 112.
28
What is the highest common factor of 71 and 11573?
71
What is the highest common factor of 104 and 247?
13
Calculate the highest common divisor of 234 and 18.
18
What is the highest common factor of 165 and 2695?
55
What is the greatest common factor of 38 and 4826?
38
What is the greatest common divisor of 36 and 336?
12
Calculate the highest common divisor of 351 and 13.
13
What is the greatest common factor of 16 and 392?
8
Calculate the greatest common factor of 10575 and 225.
225
Calculate the highest common factor of 3 and 384.
3
Calculate the greatest common factor of 1700 and 900.
100
What is the greatest common factor of 44 and 33?
11
Calculate the highest common factor of 6 and 138.
6
Calculate the greatest common factor of 62 and 682.
62
What is the greatest common factor of 20 and 10?
10
Calculate the highest common factor of 551 and 76.
19
What is the highest common divisor of 30 and 390?
30
What is the greatest common divisor of 35 and 455?
35
What is the highest common factor of 600 and 960?
120
Calculate the highest common factor of 86 and 15781.
43
What is the greatest common factor of 598 and 184?
46
Calculate the greatest common factor of 106 and 4346.
106
Calculate the highest common divisor of 3789 and 9.
9
What is the highest common divisor of 935 and 170?
85
Calculate the highest common divisor of 60 and 16920.
60
Calculate the highest common divisor of 290 and 116.
58
What is the greatest common factor of 192 and 10176?
192
What is the greatest common divisor of 1850 and 150?
50
What is the highest common factor of 1182 and 3?
3
What is the greatest common divisor of 16 and 208?
16
What is the greatest common divisor of 1242 and 9?
9
What is the greatest common factor of 35 and 182?
7
What is the highest common divisor of 100 and 850?
50
What is the greatest common factor of 348 and 3422?
58
Calculate the highest common factor of 1836 and 408.
204
What is the greatest common factor of 1120 and 35?
35
Calculate the highest common factor of 2747 and 41.
41
What is the highest common divisor of 247 and 722?
19
What is the highest common factor of 2538 and 376?
94
What is the highest common divisor of 30 and 5325?
15
What is the highest common divisor of 23 and 1?
1
Calculate the greatest common divisor of 399 and 2451.
57
What is the highest common factor of 492 and 48?
12
What is the greatest common factor of 12 and 33?
3
What is the highest common divisor of 58 and 13166?
58
Calculate the greatest common divisor of 145 and 29.
29
Calculate the greatest common divisor of 1854 and 1751.
103
Calculate the greatest common divisor of 245 and 5.
5
Calculate the highest common factor of 744 and 24.
24
Calculate the highest common factor of 40 and 11840.
40
What is the highest common factor of 120 and 40?
40
What is the highest common divisor of 456 and 384?
24
What is the greatest common factor of 256 and 800?
32
Calculate the greatest common divisor of 819 and 18.
9
Calculate the greatest common divisor of 132 and 24.
12
What is the highest common divisor of 301 and 35819?
301
Calculate the highest common divisor of 154 and 43274.
154
What is the highest common factor of 1463 and 385?
77
Calculate the greatest common factor of 441 and 99.
9
Calculate the greatest common divisor of 64 and 124.
4
Calculate the highest common factor of 11552 and 32.
32
Calculate the highest common divisor of 6555 and 135.
15
Calculate the greatest common divisor of 348 and 609.
87
Calculate the greatest common divisor of 391 and 207.
23
Calculate the highest common factor of 42 and 49.
7
What is the greatest common divisor of 224 and 7?
7
Calculate the greatest common factor of 29 and 48981.
29
What is the greatest common divisor of 1840 and 80?
80
Calculate the greatest common factor of 169 and 195.
13
Calculate the highest common factor of 4 and 12.
4
What is the highest common factor of 1456 and 819?
91
Calculate the highest common divisor of 64 and 160.
32
What is the highest common divisor of 209 and 114?
19
What is the highest common factor of 150 and 20?
10
What is the greatest common factor of 299 and 253?
23
What is the highest common divisor of 32 and 2736?
16
Calculate the highest common divisor of 754 and 299.
13
Calculate the highest common divisor of 44422 and 14.
14
Calculate the highest common factor of 168 and 72.
24
What is the greatest common factor of 187 and 110?
11
Calculate the highest common divisor of 290 and 40.
10
Calculate the highest common divisor of 81 and 18.
9
What is the highest common divisor of 418 and 114?
38
Calculate the greatest common divisor of 12 and 3372.
12
Calculate the greatest common factor of 31747 and 53.
53
What is the greatest common divisor of 5465 and 5?
5
What is the greatest common factor of 22958 and 52?
26
What is the highest common divisor of 204 and 96?
12
Calculate the highest common factor of 15 and 1275.
15
What is the greatest common factor of 176 and 99?
11
Calculate the greatest common factor of 12 and 5646.
6
Calculate the greatest common divisor of 2232 and 12.
12
What is the greatest common divisor of 144 and 4383?
9
What is the greatest common factor of 315 and 1071?
63
Calculate the greatest common factor of 4181 and 1356.
113
What is the highest common facto